 + l*k**2. Let o be ((-2)/11)/((-4897)/(-161601)). What is p(o)?
5
Suppose -72 = -6*j - 42. Suppose -4*i = 4*b - 3*b + 22, -j*i = -5*b - 35. Let t(g) = g**3 + 10*g**2 + 3*g + 15. Determine t(b).
-15
Let s = -117 - -119. Let i(p) = 6 - 7*p**2 + s*p**2 + 14*p**2 - 2*p - p**3 - 5*p**2. Calculate i(4).
-2
Suppose 5*z + 98 = -352. Let n be ((-1)/3)/((-265)/z - 3). Let c(f) = 2 + 0 - n*f + 6*f**2 - 5*f**2 + 2. Give c(4).
-4
Let c(f) = f**2 + 30*f + 224. Suppose -5*w - 35 = 0, 5*w + 179 - 195 = 3*b. What is c(b)?
3
Let c be 0 + -1 + -3 + 0. Let x(r) be the first derivative of -3/2*r**2 - 29 - r + 1/4*r**4 + r**3. What is x(c)?
-5
Let g(z) = -z**2 + 34*z - 125. Let t be g(30). Let q(i) = -2*i**3 - 11*i**2 + 3. Calculate q(t).
-22
Let l(q) = -q**3 - 24*q**2 + 25*q + 4. Let r(z) = 195*z - 1000. Let k be r(5). Calculate l(k).
4
Suppose -2*p + 122 = 126. Suppose z = -3*l - 0 + 2, -l = 2*z - 4. Let v(c) = z*c + 5 + 2*c + 2*c**2 - 2 - c + c**3. Calculate v(p).
-3
Let v = 145 + -137. Let o(c) = 11 + 2*c + 0 + 8*c**3 + v*c**2 - 7*c**3. Calculate o(-8).
-5
Let x(l) = 8*l**3 - 2*l - 1. Suppose -t + 0 + 11 = 0. Let k(i) = -5*i + 2*i**2 - t - 45 + 19 - i**2. Let q be k(-4). Determine x(q).
-7
Let x(d) = -d**3 - 7*d**2 - d - 6. Let f(r) = 4 - 3 - 2*r + 3 - 12*r. Let k be f(-2). Let n = -39 + k. Give x(n).
1
Let f(a) = -a**3 - 3*a**2 - 6*a - 2. Let z be f(-3). Suppose z - 104 = -11*g. Let b(t) = -t**3 + 8*t**2 - t + 11. Give b(g).
3
Let n(d) be the third derivative of d**4/12 + 3*d**3/2 + 1341*d**2 - 2. What is n(-3)?
3
Let u(t) = -t**3 + 4*t**2 - 3*t + 1. Let k be ((-100)/15)/(6/(-18)) - 5. Suppose 25 = 20*s - k. Calculate u(s).
3
Suppose 722 = -4*f - 5*c, -3*c = 4*f + 549 + 169. Let z = -178 - f. Let h(y) = y - 1. What is h(z)?
-1
Suppose 10 = 3*v + 2*v. Let k(z) = z + 62*z**v + 1 - 63*z**2 - 2. Suppose 0 + 6 = -2*h. Calculate k(h).
-13
Suppose 16*r + 15 = 21*r. Suppose 2*v - 18 = -4*i, 6 = -v + r*i - 10. Let u(l) be the third derivative of -3*l**4/8 + 2*l**2. Calculate u(v).
9
Let z(l) be the third derivative of l**6/120 - 17*l**5/60 - 5*l**4/24 + 14*l**3 + 133*l**2 + 3. What is z(17)?
-1
Suppose -617 - 1215 = 195*t + 898. Let k(p) = 4*p**2 + 60*p + 37. What is k(t)?
-19
Let r(l) = l - 8. Let g(w) = 3*w - 25. Suppose 0 = 3*i + 4*u + 98, -i - 4*u - 29 - 9 = 0. Let j = i - -38. Let n(q) = j*r(q) - 3*g(q). Calculate n(8).
3
Let q(a) = -a**3 - 5*a**2 + 5*a - 1. Let f(j) = 2*j - j - 1 + 4*j - 2*j. Let y be f(-2). Let w(s) = s**3 + 7*s**2 - 6. Let b be w(y). Give q(b).
5
Let j(n) be the second derivative of -n**3/6 + 3*n**2/2 - 270*n. Let x = 12 - -8. Suppose 0 = 3*g + g - x. Calculate j(g).
-2
Let d(o) = 21 - 8*o - 20*o + o + 10*o - 18. What is d(1)?
-14
Suppose 0 = 15*q - 13*q - x - 39, -4*q + 60 = 4*x. Let p(a) = -3*a**2 + q - a + a**3 + 6*a**2 - 20. Let d be ((-2)/5)/((-1)/(-5)). What is p(d)?
4
Suppose 4*x - 88 = 5*k + 29, -4*k = -4*x + 120. Suppose 2*c + t - 17 = -0*c, 3*c + 4*t = x. Let w(m) = -m**2 + 13 + 4 - 13 - m - c*m. Calculate w(-5).
19
Let k(p) = -3*p**2 + 26*p - 59. Let i be k(3). Let d(t) = -5*t**2 - 43*t - 24. Determine d(i).
0
Let l(j) be the third derivative of -j**7/2520 - 7*j**6/720 - j**5/120 + 13*j**4/4 + 30*j**2. Let i(u) be the second derivative of l(u). Determine i(-5).
9
Let h(t) be the first derivative of t**5/120 + t**4/3 + t**3 + t + 155. Let x(j) be the third derivative of h(j). Calculate x(6).
14
Let c be -13 + (12 - 1) + -1 + (-23)/(-6). Let z(p) be the third derivative of 1/120*p**6 + 0 - 15*p**2 + 0*p + 1/12*p**4 + c*p**3 + 1/15*p**5. Calculate z(-4).
-3
Let l(o) be the third derivative of o**4/6 - 2*o**3/3 + 1074*o**2 - o - 12. Let a = 3 + -6. Give l(a).
-16
Suppose -9*o + 117 = -11*q - 5*o, 4*o = -q - 15. Let r(z) = -2*z**2 - 11*z + 137. What is r(q)?
16
Let c(n) = -n**2 + 6*n + 2. Let s be c(7). Let o(z) be the first derivative of -z**4/4 - 5*z**3/3 + 3*z**2/2 + 5*z + 71. Give o(s).
-10
Let k(o) = o + 2. Let r(d) = d**3 - 2*d**2 + d - 22. Let l be r(4). Suppose 8*x + l*x + 44 = 0. Determine k(x).
0
Let v(h) = -h**3 + 10*h**2 + 2*h - 24. Suppose 39*c = 53*c - 140. Let t be v(c). Let w(k) = 8*k + 3. Determine w(t).
-29
Let n(x) = 5*x + 13. Let i(k) = 14*k + 37. Let w(s) = 3*i(s) - 8*n(s). Let a(h) = 2*h + 7. Let t(g) = 4*a(g) - 5*w(g). Calculate t(-5).
3
Let g(p) = -p**3 + 7*p**2 - 9*p + 9. Suppose -4*i + 305 = -3*a + 8, 3 = -a. Suppose t = -66 + i. Determine g(t).
-9
Let p(r) be the third derivative of -r**5/60 - r**4/24 + 5*r**3/6 + 5*r**2 + 81. Determine p(4).
-15
Let p(x) = 3634 - 7255 + 3625 + 7*x**2 + x**3 + x. Let k(f) = -f**2 - 9*f - 25. Let y be k(-3). Calculate p(y).
-3
Let n(v) = -2*v + 6. Let f(y) = -6*y + 22. Let z(r) = -5*f(r) + 16*n(r). Calculate z(-8).
2
Let y(i) = i - 10. Let j be y(8). Let x(r) = -3*r**3 + 27*r**2 - 7*r - 5. Let b(l) = 2*l**3 - 17*l**2 + 4*l + 3. Let f(p) = -8*b(p) - 5*x(p). Give f(j).
7
Let g = -32012 + 32043. Let o(w) = -15*w + 465. What is o(g)?
0
Let i(s) = 10*s - 32. Let n(p) = p**3 + 12*p**2 - 22*p + 90. Let v be n(-14). What is i(v)?
28
Let s(j) = -j**2 - j - 3. Let f(n) = 1. Let u(p) = -5*f(p) - 2*s(p). Let t be (-6)/27 - 8/(-36). Suppose 0*z = -4*z + 8, t = -5*c + 2*z - 19. Calculate u(c).
13
Let d = -64 + 77. Suppose -6*s = -7*s + d. Let v(o) = o**3 - 14*o**2 + 12*o + 13. Determine v(s).
0
Let h = 51 + -64. Let z(x) = -x**3 - 14*x**2 - 12*x + 17. Let y be z(h). Suppose 4*j + 1 + y = -5*v, -24 = -3*v + 3*j. Let t(q) = 2*q - 1. Determine t(v).
5
Let i be ((-32)/(-12))/1*315/20. Suppose 44*d = i*d - 10. Let m(j) be the third derivative of -j**5/60 - 7*j**4/24 + 7*j**3/6 + j**2. What is m(d)?
17
Suppose -42*u + 43*u = 2. Let n(p) = 4*p - 6. Let k(g) = -5 - 242*g - g**2 + 230*g + 22. Let r(j) = -3*k(j) - 8*n(j). What is r(u)?
17
Let h = 750 + -742. Let w(u) be the first derivative of -u**3/3 + 4*u**2 - 5*u + 9. Calculate w(h).
-5
Let f(t) = 4*t + 3. Let d be 2*4/8*(58 - -1). Let l = d - 62. Let s be (l/3 - -1) + (-7 - -3). Give f(s).
-13
Let q(k) = -k - 1. Let a(p) = -p - 2. Let g(m) = -2*a(m) + q(m). Suppose -3*w = 2*v - 7*w + 2, 2*w - 22 = 4*v. Let z(y) = -y - 12. Let l be z(v). Give g(l).
-2
Let m(p) = -8*p + 47. Suppose 740 = -19*c + 892. Give m(c).
-17
Let j(q) be the first derivative of -3*q**2/2 - 81*q - 1481. Determine j(-27).
0
Let q be (-32)/(-6) - 1/3. Let c(h) be the second derivative of h**4/12 - 2*h**3/3 - 5*h**2/2 + 880*h. What is c(q)?
0
Let w(q) be the second derivative of 0 - 1/2*q**2 - 61*q + 4/3*q**3. Give w(-1).
-9
Let y(p) be the second derivative of p**5/20 + p**4/12 - p**2 - 1309*p. Determine y(-1).
-2
Let p(l) be the second derivative of -l**5 - l**4/12 - l**3/3 - l**2/2 - 1197*l. Let r be (1/(-3))/((-7)/(-21)). Determine p(r).
20
Let g(x) = 38*x**2 + 229*x + 9. Let j be g(-6). Let b(m) be the third derivative of 0*m + 4/3*m**j + 19*m**2 + 0 + 1/12*m**4. What is b(-8)?
-8
Let j(f) be the first derivative of f**3/3 - f + 1. Suppose -3407*v - 5 = -5 - 0. What is j(v)?
-1
Let x(l) = 131*l + 7. Let n(v) = 80*v + 5. Let a(d) = -18*n(d) + 11*x(d). Suppose 0 = -3*u - 9 + 48. Give a(u).
0
Let j(o) = o**3 + 8*o**2 + 5*o - 16. Let w = 1177 + -1184. Calculate j(w).
-2
Let t = 12 - -428. Let o = t - 449. Let q(z) = z**2 + 11*z + 11. Give q(o).
-7
Let v(c) = 8*c - 67. Suppose 2*h - 66 = 5*m, -11 = -6*m - 2*h - 55. Calculate v(m).
-147
Let u(d) = 5*d**3 + 3*d**2 + 3*d + 1. Let y be 960/45 - 2/(-3). Suppose y - 102 = 40*s. Give u(s).
-33
Let b(c) = c**3 - 6*c**2 + 3*c + 4. Let o be 7 - ((-4)/6)/(6/(-9)). Suppose v - 2*t = -4, 5*v - 24 = -7*t + o*t. Determine b(v).
-16
Let b(g) = -7*g + 1. Let d(k) = -9*k - 9. Let i(x) = 3*b(x) - 2*d(x). Determine i(7).
0
Let a(d) = -d**2 - 67*d - 524. Let h be a(-58). Let s(q) = -8*q - 12. Determine s(h).
4
Let g(y) = -y**2 + 4*y - 1. Let d(x) = -15*x**2 + 3*x - 6. Let w be d(2). Let c = w + 64. Suppose -2*u - 6 = -4*s, 0 = -c*u - u - 5*s + 30. Calculate g(u).
2
Let f(u) be the third derivative of -u**6/120 - u**5/4 + 3*u**4/4 + 53*u**3/6 + 15*u**2 + u + 1. Calculate f(-16).
21
Let w = -39 + 12. Let t = w - 1. Let i = t + 24. Let h(p) = p**2 + 2*p - 2. What is h(i)?
6
Let y = -33428 - -33436. Let z(x) = 2*x + 3. Calculate z(y).
19
Let x(t) be the second derivative of -27*t + 1/2*t**4 + 0 + 1/2*t**2 - 1/3*t**3. Let m(n) = -6*n**2 + 2*n - 2. Let 